isor of u and j.
29
Let m(h) = -h**3 - 2*h + 6. Let v be m(4). Let b = -44 - v. What is the greatest common divisor of b and 154?
22
Let z(h) = -2*h**3 + 23*h**2 + 13*h - 7. Let b be z(12). What is the highest common factor of 2 and b?
1
Let x be (-6)/4*24/(-18). Suppose -3*v + x*v = 0. Suppose 2*o - 236 - 132 = v. Calculate the greatest common factor of 23 and o.
23
Suppose 15 = -3*g, 0 = 5*n + 7*g - 3*g - 55. Let x(y) = 61*y - 2. Let v be x(2). What is the highest common factor of n and v?
15
Suppose -3 = 3*o, 4*q = 3*q - 3*o + 33. Suppose -x + 4*n + 24 = 0, 4*n = -x - 4*x + 120. Calculate the greatest common factor of x and q.
12
Suppose -4*q + 300 = q. Let i = q - -174. Let r = 5 + 21. Calculate the greatest common divisor of r and i.
26
Suppose 2*y - 3*y + 1 = -3*f, -4*y = -3*f - 49. Calculate the highest common factor of y and 136.
8
Let r be (-4 - 29/(-5))*10. Suppose -a + r = a. Suppose 0 = -14*t + 13*t + a. Calculate the highest common factor of t and 81.
9
Let i(r) = -r**2 - r - 1. Let g(u) = 2*u**2 - 17*u + 6. Let a(p) = -g(p) - 3*i(p). Let x be a(-26). What is the greatest common divisor of 17 and x?
17
Suppose 6*p - 54 - 90 = 0. Calculate the greatest common factor of p and 84.
12
Suppose -7*b = 9 + 5. Let h be (b + 4)*(5 - -17). Let d = 158 + -48. Calculate the highest common divisor of d and h.
22
Let k = -75 - -120. Calculate the greatest common divisor of 60 and k.
15
Let h(t) = 103*t**2 - 4*t + 1. Let f be h(-1). Calculate the highest common divisor of 54 and f.
54
Let j = -152 + 171. Calculate the greatest common factor of 19 and j.
19
Suppose 5*o = -5, -4*y + 23 = -0*y + o. Let d = y + 3. Suppose 55 = -v + 82. Calculate the greatest common divisor of v and d.
9
Let l be (550/(-4))/((-2)/4). What is the highest common divisor of 11 and l?
11
Let t be 2 - 0*(-11)/44. Calculate the highest common factor of 178 and t.
2
Suppose -3*r = 5*w - 102, -2*r = -0*r + 5*w - 68. Suppose 0 = 2*q - 5*b - 49, 2*q + 0*q - 2*b = r. Calculate the highest common factor of 36 and q.
12
Let q(y) = 5*y**2 - 1. Let r be q(-1). Suppose 0 = -2*d - 2*f + 12, 4 = 4*d - 4*f - r. What is the highest common divisor of d and 12?
4
Let g(f) = 10*f + 223. Let v be g(-17). Calculate the greatest common factor of v and 106.
53
Let i = 511 - 17. What is the greatest common factor of i and 38?
38
Suppose 0*p - 3*p = 6, -p = 2*i - 16. Let v be (0/(-1) - -3)*9. Calculate the greatest common factor of i and v.
9
Let s = 78 + -64. What is the highest common factor of 98 and s?
14
Suppose -3*q + 3*m = -90, 0 = -115*q + 114*q + 5*m + 14. What is the highest common factor of q and 3536?
34
Let k be -1*(-9)/((-36)/112). Let w = k + 96. Calculate the highest common divisor of 17 and w.
17
Let j(k) = 259*k**2 + 4*k - 3. Let f be j(1). Calculate the highest common factor of 13 and f.
13
Let f(r) = r**3 - r**2 - 2*r. Let y be f(3). Suppose -4*v + 7*t = 5*t - 28, 4*v + 3*t = 38. Calculate the greatest common divisor of y and v.
4
Suppose 0 = 34*u - 481 + 107. Calculate the highest common divisor of u and 7.
1
Let s(j) = -j**2 - 45*j - 26. Let f be s(-43). Calculate the greatest common divisor of f and 24.
12
Let m(l) = -l**3 - 3*l**2 + l + 11. Let z(s) = -s**3 + 6*s**2 + 15*s + 8. Let h be z(8). Let a be m(h). What is the highest common factor of 88 and a?
11
Suppose 2*h = 5*f + 44, -2*h + 2*f + 56 = -0*h. Let j = 45 - h. Calculate the greatest common factor of 26 and j.
13
Suppose -5*x = 3*i - 262, -4*x + 130 = -x - 5*i. Let k = x + -22. What is the highest common factor of 140 and k?
28
Let g = 4 + -4. Suppose -4*w = -g*w - 4. Let v be w/(-4) - (-968)/32. What is the highest common divisor of v and 3?
3
Suppose -5*d + 3*b = 196 - 24, 4*d + 144 = -4*b. Let i = d + 51. What is the greatest common divisor of 2 and i?
2
Let v(n) = n**3 - 9*n**2 - 9*n - 2. Let i be v(10). Let s be (-235)/(-20) - (-1)/4. Calculate the greatest common divisor of s and i.
4
Let h be (-40 - -1)*(-20)/6. Let q = 90 - h. Let a = -18 - q. What is the greatest common divisor of 55 and a?
11
Let k(y) = 4*y - 125. Let v be k(35). What is the highest common factor of 95 and v?
5
Suppose x - 56 = 8. Suppose 3*y - 76 = 4*u, -8*u + x = 2*y - 4*u. What is the highest common divisor of 4 and y?
4
Let j(n) = -2 - n**2 - 3*n + 4*n + 11. Let t be j(0). Let z(l) = l**3 - 14*l**2 + 6*l - 21. Let b be z(14). What is the greatest common factor of b and t?
9
Suppose -j + 28 = 3*j. Let u be ((-16)/(-2))/(7/j). Let d be u/(6/(-4) - -2). What is the highest common factor of 8 and d?
8
Suppose -548 = -3*i - 221. Suppose i = -8*s + 1325. Calculate the greatest common divisor of s and 8.
8
Let l(u) = 0*u**2 - 7 + 3*u - 1 + u**2 + 2. Let h be l(-5). Let g = 9 + h. Calculate the greatest common divisor of 104 and g.
13
Suppose 3*x - 165 = -65*x + 243. Let o = 14 + -5. Calculate the highest common divisor of x and o.
3
Suppose 0 = -a + 2 - 4. Let z be -2*(a/(-2) + -2). Suppose -96 = -z*v + v. What is the greatest common factor of v and 12?
12
Let l(m) = 99*m - 18. Let u be l(1). Calculate the greatest common factor of 18 and u.
9
Let q(c) = -c**3 + 44*c**2 + 9*c + 8. Let j be q(43). What is the highest common factor of 17 and j?
17
Let a be (-16)/20 - (-2241)/45. Calculate the greatest common factor of 28 and a.
7
Suppose 0 = 3*x - 5*z - 25, -5*x + 0*z = 5*z + 25. Suppose 0 = -5*p + k + 109, x = 5*p - k - k - 108. What is the greatest common divisor of 88 and p?
22
Let w = 39 + 210. Let i = w + -129. Suppose y + 120 = 5*l, -y = -l + 6*l - i. Calculate the greatest common divisor of l and 60.
12
Suppose 2*k = 3*c + 39, -1 + 13 = 4*c. Let q be ((-8)/(-6))/((-2)/(-6)). Suppose -q*b + 1 = -23. Calculate the highest common factor of k and b.
6
Suppose 96*q - 392 = 94*q. Calculate the highest common factor of 4 and q.
4
Let f = -172 + 182. Calculate the greatest common divisor of f and 10.
10
Suppose -84 = 3*d + 5*k, 5*k + 33 - 5 = -d. Let v = -19 - d. Suppose 8 = o - 2*x + 1, -47 = -5*o - 2*x. Calculate the greatest common divisor of v and o.
9
Let y be (-30)/(-4)*(-2376)/(-90). Suppose -7*l = -292 - y. Let s be (-12)/2*7/(-3). What is the highest common divisor of s and l?
14
Let o = 899 - -138. Calculate the greatest common divisor of 17 and o.
17
Suppose 3*r - 26 = -5*p, -3*p = -r + 2*r - 14. Suppose r - 11 = -z. Calculate the greatest common divisor of 99 and z.
9
Let t(r) = r**2 - 5*r + 6. Let j be t(5). Let c be (-1 + j)*(-12)/(-30). What is the greatest common divisor of c and 3?
1
Suppose -8 = -5*y - 2*g, 2*y = -3*y + 2*g - 8. Let m be (y*(-1)/4)/2. Suppose 5*w - 20 - 780 = m. What is the highest common factor of w and 20?
20
Let c = 20 - -43. Let s = c - -17. What is the highest common factor of s and 32?
16
Let x be 4/6 - (-25)/(-15)*-2. Suppose -s - x = -24. Calculate the highest common factor of s and 30.
10
Let u be 12 + 10/2 + -4. Suppose 2*s + 2*s = 340. Suppose 19 = 4*n - s. Calculate the greatest common divisor of n and u.
13
Let m(i) = -16*i + 18. Let h(p) = -p + 1. Let n(x) = -5*h(x) - m(x). Let o = -83 - -93. Let y be n(o). What is the highest common factor of y and 17?
17
Suppose 0 = 11*v - 2363 - 2587. Calculate the greatest common factor of v and 36.
18
Let m be (-2888)/(-40) - 1/5. What is the highest common factor of m and 48?
24
Suppose 796 = 4*c - 4*m, -2*c + c + 224 = 4*m. Calculate the greatest common factor of c and 12.
12
Suppose -12*o + 3*o = -180. Let r(v) = 4*v**2 - v - 5. Let p be r(-5). What is the highest common divisor of p and o?
20
Suppose v - 212 = -24. Let u = v + -68. Let q(x) = -9*x + 17. Let h be q(-7). What is the highest common divisor of u and h?
40
Let c be 49 - (-24)/((-12)/3). Calculate the greatest common factor of c and 43.
43
Suppose -z = -c - 7, 5*z - 3*c = -7*c - 1. Let l be 12/(-9)*(-9)/6. Suppose 0 = -z*n - l*n + 140. Calculate the greatest common factor of 14 and n.
14
Suppose -2668 = -4*t - 76. Calculate the highest common divisor of 144 and t.
72
Suppose -480 = -23*g - 20. What is the highest common divisor of g and 110?
10
Let b(x) = x**2 - 7*x + 2. Let m be b(6). Let s be 0/(m - -2) - -4. Suppose s*f - 103 = 29. Calculate the highest common factor of f and 3.
3
Suppose 0*l - 180 = -20*l. Calculate the greatest common factor of 99 and l.
9
Let p = 408 + -402. Calcul